{"id":924,"date":"2015-03-01T08:26:20","date_gmt":"2015-03-01T07:26:20","guid":{"rendered":"http:\/\/www.repaircafesaint-egreve.fr\/?page_id=924"},"modified":"2024-04-30T09:04:57","modified_gmt":"2024-04-30T08:04:57","slug":"le-danger-electrique","status":"publish","type":"page","link":"https:\/\/www.repaircafesaint-egreve.fr\/?page_id=924","title":{"rendered":"R\u00e9flexions sur le danger \u00e9lectrique"},"content":{"rendered":"<p align=\"center\"><span style=\"color: #ff3333;\"><span style=\"font-family: Liberation Sans,sans-serif;\"><span style=\"font-size: xx-large;\"><b>Le courant \u00e9lectrique ne se voit pas.<br \/>\nIl n&rsquo;a aucune odeur.<br \/>\nRien ne permet \u00e0 priori de le d\u00e9tecter.<br \/>\nD&rsquo;o\u00f9 son danger.<\/b><\/span><\/span><\/span><\/p>\n<h1 class=\"western\"><span style=\"font-family: Liberation Sans,sans-serif;\"><span style=\"font-size: large;\"><span style=\"text-decoration: underline;\"><b>1\u00a0 <\/b>Courant distribu\u00e9 par ERDF<\/span><\/span><\/span><\/h1>\n<p><span style=\"font-family: Liberation Sans,sans-serif;\">le r\u00e9gime TT est la r\u00e8gle. En France en tous cas.<\/span><\/p>\n<p><a href=\"https:\/\/www.repaircafesaint-egreve.fr\/wp-content\/uploads\/2015\/03\/erdf.gif\"><img loading=\"lazy\" decoding=\"async\" class=\"aligncenter wp-image-944\" src=\"https:\/\/www.repaircafesaint-egreve.fr\/wp-content\/uploads\/2015\/03\/erdf.gif\" alt=\"erdf\" width=\"490\" height=\"379\" \/><\/a><span style=\"color: #000000;\"><span style=\"font-family: Liberation Sans,sans-serif;\"><span style=\"font-size: large;\"><span style=\"text-decoration: underline;\"><b>2\u00a0 Principe de la protection \u00e9lectrique en r\u00e9gime TT<\/b><\/span><\/span><\/span><\/span><\/p>\n<p><span style=\"color: #000000;\"><span style=\"font-family: Liberation Sans,sans-serif;\"><span style=\"font-size: medium;\">Tout conducteur \u00e9lectrique doit \u00eatre muni d&rsquo;une double isolation. <\/span><\/span><\/span><\/p>\n<p><span style=\"color: #000000;\"><span style=\"font-family: Liberation Sans,sans-serif;\"><span style=\"font-size: medium;\">L&rsquo;isolation doit \u00eatre de la classe de tension la plus \u00e9lev\u00e9e.<\/span><\/span><\/span><\/p>\n<p><span style=\"color: #000000;\"><span style=\"font-family: Liberation Sans,sans-serif;\"><span style=\"font-size: medium;\">Dans l&rsquo;air, l&rsquo;isolation se fait par la distance et l&rsquo;inaccessibilit\u00e9.<\/span><\/span><\/span><\/p>\n<p><span style=\"color: #000000;\"><span style=\"font-family: Liberation Sans,sans-serif;\"><span style=\"font-size: medium;\">La prise de terre doit \u00eatre raccord\u00e9e \u00e0 toutes les parties m\u00e9talliques susceptibles d&rsquo;\u00eatre sous tension par accident (baignoire, frigo, machine \u00e0 laver, etc.) et accessibles au toucher.<\/span><\/span><\/span><\/p>\n<h3 class=\"western\"><span style=\"color: #000000;\"><span style=\"font-family: Liberation Sans,sans-serif;\"><span style=\"text-decoration: underline;\">3\u00a0 Limites de Tensions Dangereuses<\/span><\/span><\/span><\/h3>\n<p><span style=\"font-family: Liberation Sans,sans-serif;\"><span style=\"font-size: medium;\"><span style=\"color: #000000;\">En <\/span><span style=\"color: #000000;\"><b>courant alternatif<\/b><\/span><span style=\"color: #000000;\"> 25V dans un environnement humide, 50V dans un environnement sec.<\/span><\/span><\/span><\/p>\n<p><span style=\"color: #000000;\"><span style=\"font-family: Liberation Sans,sans-serif;\"><span style=\"font-size: medium;\">En courant continu (le seuil de courant dangereux \u00e9tant plus \u00e9lev\u00e9) respectivement 50V et 100V).<\/span><\/span><\/span><\/p>\n<p><span style=\"font-family: Liberation Sans,sans-serif;\"><span style=\"font-size: medium;\"><span style=\"color: #000000;\">Cela en application de la loi U=RI (la tension est \u00e9gale \u00e0 la r\u00e9sistance multipli\u00e9e par le courant). <\/span><span style=\"color: #000000;\"><span style=\"font-size: small;\"><i>Par exemple 50V, R= 4000W =&gt;I= 12mA<\/i><\/span><\/span><\/span><\/span><\/p>\n<p><span style=\"color: #000000;\"><span style=\"font-family: Liberation Sans,sans-serif;\">Ceci est bas\u00e9 sur l&rsquo;imp\u00e9dance du circuit \u00ab\u00a0corps humain\u00a0\u00bb<\/span><\/span><\/p>\n<p><a href=\"https:\/\/www.repaircafesaint-egreve.fr\/wp-content\/uploads\/2015\/03\/corpshumain.jpg\"><img loading=\"lazy\" decoding=\"async\" class=\"aligncenter size-full wp-image-948\" src=\"https:\/\/www.repaircafesaint-egreve.fr\/wp-content\/uploads\/2015\/03\/corpshumain.jpg\" alt=\"corpshumain\" width=\"354\" height=\"210\" srcset=\"https:\/\/www.repaircafesaint-egreve.fr\/wp-content\/uploads\/2015\/03\/corpshumain.jpg 354w, https:\/\/www.repaircafesaint-egreve.fr\/wp-content\/uploads\/2015\/03\/corpshumain-300x178.jpg 300w\" sizes=\"auto, (max-width: 354px) 100vw, 354px\" \/><\/a><\/p>\n<p><span style=\"font-family: Liberation Sans,sans-serif;\"><span style=\"color: #000000;\">Et des <\/span><span style=\"color: #000000;\">e<\/span><span style=\"color: #000000;\">ffets du passage du courant alternatif 50-60Hz <\/span><span style=\"color: #000000;\">sur le corps humain<\/span><\/span><\/p>\n<p><a href=\"https:\/\/www.repaircafesaint-egreve.fr\/wp-content\/uploads\/2015\/03\/fibti.jpg\"><img loading=\"lazy\" decoding=\"async\" class=\"aligncenter wp-image-947\" src=\"https:\/\/www.repaircafesaint-egreve.fr\/wp-content\/uploads\/2015\/03\/fibti.jpg\" alt=\"fibti\" width=\"460\" height=\"337\" srcset=\"https:\/\/www.repaircafesaint-egreve.fr\/wp-content\/uploads\/2015\/03\/fibti.jpg 358w, https:\/\/www.repaircafesaint-egreve.fr\/wp-content\/uploads\/2015\/03\/fibti-300x220.jpg 300w\" sizes=\"auto, (max-width: 460px) 100vw, 460px\" \/><\/a><\/p>\n<h3 class=\"western\"><span style=\"text-decoration: underline;\"><span style=\"font-family: Liberation Sans,sans-serif;\">4\u00a0 protection contre les contacts directs<\/span><\/span><\/h3>\n<p><span style=\"font-family: Liberation Sans,sans-serif;\"><span style=\"font-size: small;\"><a href=\"https:\/\/www.repaircafesaint-egreve.fr\/wp-content\/uploads\/2015\/03\/direct.gif\"><img loading=\"lazy\" decoding=\"async\" class=\"aligncenter size-full wp-image-945\" src=\"https:\/\/www.repaircafesaint-egreve.fr\/wp-content\/uploads\/2015\/03\/direct.gif\" alt=\"direct\" width=\"262\" height=\"195\" \/><\/a><\/span><\/span><\/p>\n<p><span style=\"font-family: Liberation Sans,sans-serif;\">La protection contre les contacts directs d&rsquo;un mat\u00e9riel sous tension se fait par \u00e9loignement (la distance est telle que le contact est impossible) ou par isolement : intercaler un mat\u00e9riau dont les caract\u00e9ristiques emp\u00eachent la circulation du courant (gaine de fil, plastique, \u2026)<\/span><\/p>\n<p><span style=\"font-family: Liberation Sans,sans-serif;\">Il n&rsquo;existe pas de protection contre le contact direct des 2 phases\u00a0: En effet pour le syst\u00e8me, vous \u00eates un r\u00e9cepteur comme un autre et les seuil de d\u00e9clenchement 10, 16, 25A. \u2026 Un peu tard\u00a0<\/span><\/p>\n<h3 class=\"western\"><span style=\"text-decoration: underline;\"><span style=\"font-family: Liberation Sans,sans-serif;\">5\u00a0 protection contre les contacts indirects<\/span><\/span><\/h3>\n<p><span style=\"font-family: Liberation Sans,sans-serif;\"> <a href=\"https:\/\/www.repaircafesaint-egreve.fr\/wp-content\/uploads\/2015\/03\/indirect.jpg\"><img loading=\"lazy\" decoding=\"async\" class=\"aligncenter wp-image-946\" src=\"https:\/\/www.repaircafesaint-egreve.fr\/wp-content\/uploads\/2015\/03\/indirect-1024x471.jpg\" alt=\"indirect\" width=\"497\" height=\"229\" srcset=\"https:\/\/www.repaircafesaint-egreve.fr\/wp-content\/uploads\/2015\/03\/indirect-1024x471.jpg 1024w, https:\/\/www.repaircafesaint-egreve.fr\/wp-content\/uploads\/2015\/03\/indirect-300x138.jpg 300w, https:\/\/www.repaircafesaint-egreve.fr\/wp-content\/uploads\/2015\/03\/indirect.jpg 1200w\" sizes=\"auto, (max-width: 497px) 100vw, 497px\" \/><\/a>Le risque est qu&rsquo;un d\u00e9faut d&rsquo;isolement provoque la mise sous tension d&rsquo;une partie m\u00e9tallique, normalement hors tension. Typique dans un frigo: un d\u00e9faut sur le compresseur, le moteur, peut provoquer la mise sous tension de l&rsquo;ensemble de l&rsquo;armoire. Un contact avec l&rsquo;armoire et vous \u00eates sous tension de 230V. &#8230;. Adieu. Vous \u00e9tiez sympa pourtant!<\/span><\/p>\n<p><span style=\"font-family: Liberation Sans,sans-serif;\"> La parade : Les masses m\u00e9talliques accessibles au toucher sont reli\u00e9es au conducteur de protection de l&rsquo;installation. Conducteur Jaune\/vert, la terre. Le disjoncteur principal de l&rsquo;installation, parfois assimil\u00e9 par erreur au compteur, comporte une protection diff\u00e9rentielle (500mA) : si les courants aller et celui retour diff\u00e8rent de plus de 500mA, c&rsquo;est que cette partie manquante circule par la terre: coupure de l&rsquo;alimentation. <span style=\"color: #000000;\">Le disjoncteur refusera de r\u00e9enclencher tant que le d\u00e9faut persiste. <\/span><span style=\"color: #000000;\">Encore faut-il que ce conducteur <\/span><span style=\"color: #000000;\">J\/V <\/span><span style=\"color: #000000;\">soit bien raccord\u00e9 \u00e0 l&rsquo;objet consid\u00e9r\u00e9. <\/span><span style=\"color: #000000;\">Ne l&rsquo;oubliez pas au remontage\u00a0! \u2026. <\/span><span style=\"color: #000000;\">Et que la terre soit c\u00e2bl\u00e9e sur la prise du logement utilis\u00e9e\u00a0!!<\/span><\/span><\/p>\n<p><span style=\"font-family: Liberation Sans,sans-serif;\"> En intervention, votre cordon de liaison secteur d&rsquo;essai comporte-t-il effectivement la terre ?<\/span><\/p>\n<p><span style=\"font-family: Liberation Sans,sans-serif;\"> <span style=\"text-decoration: underline;\"><b>Mais cette protection ne vous prot\u00e8ge pas d&rsquo;un contact DIRECT sur un conducteur sous tension\u00a0!<\/b><\/span> Sur nos modules de protection, cette diff\u00e9rence d\u00e9clenchant la coupure est de 30mA: c&rsquo;est le courant de fibrillation cardiaque (sur 500ms) dans des conditions normales d&rsquo;utilisation (absence d&rsquo;humidit\u00e9). Ce type de protection se g\u00e9n\u00e9ralise dans les installations. C&rsquo;est une protection qui peut vous sauvez la vie puisqu&rsquo;en cas de contact direct, elle d\u00e9clenchera en 5ms sur courant de d\u00e9faut de 30mA ou plus. Ne jouez pas avec les probabilit\u00e9s. Pour \u00e7\u00e0, voyez le loto.<\/span><\/p>\n<p><span style=\"font-family: Liberation Sans,sans-serif;\">Les objets marqu\u00e9s avec un carr\u00e9 inclus dans un autre carr\u00e9 sont \u00e0 double isolation et ne n\u00e9cessitent pas de prise de terre.<br \/>\nCar il n&rsquo;y a pas de partie m\u00e9tallique accessible au toucher pouvant \u00eatre accidentellement sous tension.<\/span><\/p>\n<p><span style=\"font-family: Liberation Sans,sans-serif;\"><b>Quand ils sont ferm\u00e9s!!!!<\/b><\/span><\/p>\n<p><span style=\"font-family: Liberation Sans,sans-serif;\">Mais si vous avez ouvert l&rsquo;objet, cette garantie n&rsquo;existe plus. N&rsquo;avez-vous pas rendu accessible au toucher des parties m\u00e9talliques? Celle-ci peuvent \u00eatre sous tension. Prudence&#8230;<\/span><\/p>\n<h3 class=\"western\" style=\"text-align: left;\"><span style=\"text-decoration: underline;\"><span style=\"font-family: Liberation Sans,sans-serif;\"><b>6\u00a0 Interdiction de court-circuiter une protection<\/b><\/span><\/span><\/h3>\n<p><span style=\"font-family: Liberation Sans,sans-serif;\">Les <span style=\"color: #ff0000;\">s\u00e9curit\u00e9s<\/span> pr\u00e9vues par le constructeur ne peuvent <span style=\"color: #ff0000;\">JAMAIS<\/span> \u00eatre by-pass\u00e9es, court-circuit\u00e9es, \u00e9limin\u00e9es, m\u00eame provisoirement. (Sauf le temps exact d&rsquo;un test prot\u00e9g\u00e9). Vous ne savez rien d&rsquo;un utilisateur potentiel qui ne serait pas inform\u00e9 de votre manipulation, toute provisoire, faite en tout connaissance avec l&rsquo;accord du visiteur. La femme de m\u00e9nage ne sait rien de cette modification et cela aboutira \u00e0 mettre le feu \u00e0 la maison. \u2026 Ou pire<br \/>\n<\/span><\/p>\n<h3 class=\"western\"><span style=\"text-decoration: underline;\"><span style=\"font-family: Liberation Sans,sans-serif;\">7\u00a0 R\u00e8gles \u00e0 respecter durant une intervention<\/span><\/span><\/h3>\n<p><span style=\"font-family: Liberation Sans,sans-serif;\">Aucune pi\u00e8ce sous tension ne peut \u00eatre accessibles au public: <\/span><\/p>\n<ul>\n<li><span style=\"font-family: Liberation Sans,sans-serif;\">Distance entre les personnes et l&rsquo;objet ( personnes assises \u00e0 distance, c&rsquo;est parfait), <\/span><\/li>\n<li><span style=\"font-family: Liberation Sans,sans-serif;\">Avertissement du manipulateur, <\/span><\/li>\n<li><span style=\"font-family: Liberation Sans,sans-serif;\">Morceau de papier, bout de plastique ou tout autre proc\u00e9d\u00e9 emp\u00eachant le contact.<br \/>\n<\/span><\/li>\n<\/ul>\n<p><span style=\"font-family: Liberation Sans,sans-serif;\">L&rsquo;absence de tension doit \u00eatre visualis\u00e9 \u00e0 proximit\u00e9 par la fiche m\u00e2le de l&rsquo;objet en cours d&rsquo;\u00e9tude d\u00e9branch\u00e9e du module de protection. <span style=\"color: #ff0000;\">Pas sous la table, ni \u00e0 3m de l\u00e0! <\/span><span style=\"color: #000000;\">Qui peut vous assurer que quelqu&rsquo;un ne va pas confondre la prise du PC avec la v\u00f4tre et mettre sous-tension votre bidule?<\/span><\/span><\/p>\n<h3 class=\"western\" style=\"text-align: left;\"><span style=\"text-decoration: underline;\"><span style=\"font-family: Liberation Sans,sans-serif;\">8\u00a0 Pourquoi le comportement peut \u00eatre diff\u00e9rent au Repair Cafe et chez le demandeur?<\/span><\/span><\/h3>\n<p><span style=\"font-family: Liberation Sans,sans-serif; color: #ff0000;\"><a href=\"https:\/\/www.repaircafesaint-egreve.fr\/wp-content\/uploads\/2015\/03\/exemple1.jpg\"><img loading=\"lazy\" decoding=\"async\" class=\"aligncenter size-large wp-image-961\" src=\"https:\/\/www.repaircafesaint-egreve.fr\/wp-content\/uploads\/2015\/03\/exemple1-1024x838.jpg\" alt=\"exemple\" width=\"510\" height=\"417\" srcset=\"https:\/\/www.repaircafesaint-egreve.fr\/wp-content\/uploads\/2015\/03\/exemple1-1024x838.jpg 1024w, https:\/\/www.repaircafesaint-egreve.fr\/wp-content\/uploads\/2015\/03\/exemple1-300x246.jpg 300w, https:\/\/www.repaircafesaint-egreve.fr\/wp-content\/uploads\/2015\/03\/exemple1.jpg 1200w\" sizes=\"auto, (max-width: 510px) 100vw, 510px\" \/><\/a><\/span><\/p>\n<p><span style=\"font-family: Liberation Sans,sans-serif;\">La phase et le neutre n&rsquo;\u00e9tant pas identifi\u00e9 sur les prises de courant, La coupure par un interrupteur unipolaire se fait soit de la phase, soit du neutre. S&rsquo;il y a un d\u00e9faut d&rsquo;isolement \u00e0 la terre, le comportement de la protection sera diff\u00e9rente selon que c&rsquo;est la phase ou le neutre qui n&rsquo;est pas coup\u00e9<\/span><\/p>\n<h3 class=\"western\"><span style=\"text-decoration: underline;\"><span style=\"font-family: Liberation Sans,sans-serif;\">9\u00a0 Risque suppl\u00e9mentaire : les condensateurs et la haute tension<\/span><\/span><\/h3>\n<p><span style=\"font-family: Liberation Sans,sans-serif;\">Sont vis\u00e9s essentiellement ici les four micro-ondes et les \u00e9crans. Mais pas que&#8230;.<\/span><\/p>\n<p><span style=\"font-family: Liberation Sans,sans-serif;\">Les condensateurs sont des composants pr\u00e9vus pour emmagasiner l&rsquo;\u00e9nergie \u00e9lectrique. D\u00e8s lors, ils peuvent \u00eatre dangereux m\u00eame d\u00e9connect\u00e9s du r\u00e9seau \u00e9lectrique. Les normes pr\u00e9voient que leur d\u00e9charge doivent se faire dans un \u00ab\u00a0d\u00e9lai raisonnable\u00a0\u00bb : apr\u00e8s un certain temps, il ne sont plus dangereux.<\/span><\/p>\n<p><span style=\"font-family: Liberation Sans,sans-serif;\">Tout va bien si la r\u00e9sistance de protection a effectu\u00e9 sont travail. Mais elle peut \u00eatre d\u00e9fectueuse&#8230;<\/span><\/p>\n<p><span style=\"font-family: Liberation Sans,sans-serif;\">Et vous \u00eates en premi\u00e8re ligne!<\/span><\/p>\n<p><span style=\"font-family: Liberation Sans,sans-serif;\">On parle de condensateur de forte capacit\u00e9 ou \u00e0 tr\u00e8s haute tension. Pour ce qui nous occupe, il s&rsquo;agit des micro-onde et des \u00e9crans LCD ou plasma.<\/span><\/p>\n<h3 class=\"western\"><span style=\"text-decoration: underline;\"><span style=\"font-family: Liberation Sans,sans-serif;\">10 L&rsquo;utilisation d&rsquo;un multim\u00e8tre =&gt; Conclusion fausse\u00a0!<\/span><\/span><\/h3>\n<p><span style=\"color: #ff3300;\"><span style=\"font-family: Liberation Sans,sans-serif;\"><span style=\"text-decoration: underline;\"><b>Un multim\u00e8tre N&rsquo;est PAS un appareil permettant de constater l&rsquo;absence de tension <\/b><\/span><\/span><\/span><\/p>\n<p><span style=\"font-family: Liberation Sans,sans-serif;\">Un seul appareil sp\u00e9cifique et trois manipulation successives permettent aux professionnels d&rsquo;admettre l&rsquo;absence de tension. Nous n&rsquo;en sommes pas \u00e9quip\u00e9.<\/span><\/p>\n<p><span style=\"font-family: Liberation Sans,sans-serif;\">Avec un multim\u00e8tre, <\/span><\/p>\n<ol>\n<li><span style=\"font-family: Liberation Sans,sans-serif;\">l&rsquo;erreur la plus fr\u00e9quente consiste \u00e0 \u00eatre sur <b>un mauvais calibre<\/b>.<\/span><\/li>\n<li><span style=\"font-family: Liberation Sans,sans-serif;\">Le second danger est un <b>d\u00e9faut du multim\u00e8tre<\/b> (pile HS ou panne)<\/span><\/li>\n<li><span style=\"font-family: Liberation Sans,sans-serif;\">Le troisi\u00e8me, un <b>mauvais contac<\/b>t lors de votre mesure.<\/span><\/li>\n<li><span style=\"font-family: Liberation Sans,sans-serif;\">La quatri\u00e8me serait de consid\u00e9rer que la mesure vaut pour une <b>zone non mesur\u00e9e <\/b>et que vous supposez au m\u00eame potentiel alors que c&rsquo;est faux<br \/>\n<\/span><\/li>\n<\/ol>\n<p><span style=\"font-family: Liberation Sans,sans-serif;\">Donc, toute mesure montrant l&rsquo;absence de tension sera compl\u00e9t\u00e9e par une contre-mesure d&rsquo;une tension connue\u00a0: prise de courant sur lequel est branch\u00e9 un objet qui fonctionne (pas l&rsquo;ordi portable qui est peut-\u00eatre sur batterie)\u00a0: lampe, perceuse. Cela diminue \u00e9norm\u00e9ment le risque d&rsquo;erreur mais ne l&rsquo;\u00e9limine pas. <\/span><\/p>\n<p style=\"text-align: center;\"><span style=\"color: #ff0000;\"><span style=\"font-family: Liberation Sans,sans-serif;\"><span style=\"font-size: x-large;\">La r\u00e8gle reste\u00a0: pas d&rsquo;intervention sur un circuit pouvant \u00eatre sous tension<\/span><\/span><\/span><\/p>\n<p style=\"text-align: center;\"><strong><span style=\"color: #ff0000;\"><span style=\"font-family: Liberation Sans,sans-serif;\"><span style=\"font-size: x-large;\">-&gt;\u00a0 DEBRANCHER<\/span><\/span><\/span><\/strong><\/p>\n","protected":false},"excerpt":{"rendered":"<p>Le courant \u00e9lectrique ne se voit pas. Il n&rsquo;a aucune odeur. Rien ne permet \u00e0 priori de le d\u00e9tecter. D&rsquo;o\u00f9 son danger. 1\u00a0 Courant distribu\u00e9 par ERDF le r\u00e9gime TT est la r\u00e8gle. En France en tous cas. 2\u00a0 Principe de la protection \u00e9lectrique en r\u00e9gime TT Tout conducteur \u00e9lectrique doit \u00eatre muni d&rsquo;une double [&hellip;]<\/p>\n","protected":false},"author":2,"featured_media":0,"parent":918,"menu_order":0,"comment_status":"closed","ping_status":"closed","template":"","meta":{"footnotes":""},"class_list":["post-924","page","type-page","status-publish","hentry"],"blocksy_meta":[],"_links":{"self":[{"href":"https:\/\/www.repaircafesaint-egreve.fr\/index.php?rest_route=\/wp\/v2\/pages\/924","targetHints":{"allow":["GET"]}}],"collection":[{"href":"https:\/\/www.repaircafesaint-egreve.fr\/index.php?rest_route=\/wp\/v2\/pages"}],"about":[{"href":"https:\/\/www.repaircafesaint-egreve.fr\/index.php?rest_route=\/wp\/v2\/types\/page"}],"author":[{"embeddable":true,"href":"https:\/\/www.repaircafesaint-egreve.fr\/index.php?rest_route=\/wp\/v2\/users\/2"}],"replies":[{"embeddable":true,"href":"https:\/\/www.repaircafesaint-egreve.fr\/index.php?rest_route=%2Fwp%2Fv2%2Fcomments&post=924"}],"version-history":[{"count":14,"href":"https:\/\/www.repaircafesaint-egreve.fr\/index.php?rest_route=\/wp\/v2\/pages\/924\/revisions"}],"predecessor-version":[{"id":2247,"href":"https:\/\/www.repaircafesaint-egreve.fr\/index.php?rest_route=\/wp\/v2\/pages\/924\/revisions\/2247"}],"up":[{"embeddable":true,"href":"https:\/\/www.repaircafesaint-egreve.fr\/index.php?rest_route=\/wp\/v2\/pages\/918"}],"wp:attachment":[{"href":"https:\/\/www.repaircafesaint-egreve.fr\/index.php?rest_route=%2Fwp%2Fv2%2Fmedia&parent=924"}],"curies":[{"name":"wp","href":"https:\/\/api.w.org\/{rel}","templated":true}]}}