{"id":336,"date":"2013-10-10T09:02:32","date_gmt":"2013-10-10T07:02:32","guid":{"rendered":"http:\/\/repaircafesaintegreve.unblog.fr\/?page_id=336"},"modified":"2024-04-19T14:34:19","modified_gmt":"2024-04-19T13:34:19","slug":"quand-venir","status":"publish","type":"page","link":"https:\/\/www.repaircafesaint-egreve.fr\/?page_id=336","title":{"rendered":"Quand venir?"},"content":{"rendered":"\n<figure class=\"wp-block-image size-full\"><a href=\"https:\/\/www.repaircafesaint-egreve.fr\/wp-content\/uploads\/2022\/09\/horaire-STE-1.png\"><img loading=\"lazy\" decoding=\"async\" width=\"739\" height=\"73\" src=\"https:\/\/www.repaircafesaint-egreve.fr\/wp-content\/uploads\/2022\/09\/horaire-STE-1.png\" alt=\"\" class=\"wp-image-1684\" srcset=\"https:\/\/www.repaircafesaint-egreve.fr\/wp-content\/uploads\/2022\/09\/horaire-STE-1.png 739w, https:\/\/www.repaircafesaint-egreve.fr\/wp-content\/uploads\/2022\/09\/horaire-STE-1-300x30.png 300w\" sizes=\"auto, (max-width: 739px) 100vw, 739px\" \/><\/a><\/figure>\n\n\n<h3 class=\"western\" data-wp-editing=\"1\"><span style=\"color: #0000ff;\"><strong><a href=\"https:\/\/www.repaircafesaint-egreve.fr\/?attachment_id=2083\" rel=\"attachment wp-att-2083\"><img loading=\"lazy\" decoding=\"async\" class=\"alignright wp-image-2083\" src=\"https:\/\/www.repaircafesaint-egreve.fr\/wp-content\/uploads\/2024\/04\/th.png\" alt=\"\" width=\"299\" height=\"299\" srcset=\"https:\/\/www.repaircafesaint-egreve.fr\/wp-content\/uploads\/2024\/04\/th.png 225w, https:\/\/www.repaircafesaint-egreve.fr\/wp-content\/uploads\/2024\/04\/th-150x150.png 150w\" sizes=\"auto, (max-width: 299px) 100vw, 299px\" \/><\/a>Permanence TOUS les vendredis de 14h \u00e0 18h, <br \/>y compris durant les vacances scolaires et les \u00ab\u00a0ponts\u00a0\u00bb<\/strong><\/span><strong><br \/><span style=\"color: #ff0000;\">sauf exceptions annonc\u00e9es dans \u00ab\u00a0derni\u00e8res minutes\u00a0\u00bb<\/span><\/strong><\/h3>\n<h2><span style=\"color: #0000ff;\"><b>Acc\u00e8s libre.<\/b><\/span><\/h2>\n<h4 align=\"left\"><span style=\"color: #3366ff;\"><b>Pas de prise de rendez-vous car il est impossible de pr\u00e9voir la dur\u00e9e d\u2019une intervention.<\/b><\/span><\/h4>\n<h4><em>\u00a0Pour conna\u00eetre l&rsquo;affluence r\u00e9elle, vous pouvez nous t\u00e9l\u00e9phoner pendant les permanences&#8230; mais ne t\u00e9l\u00e9phonez pas pour des questions techniques !<br \/><\/em><\/h4>\n<h4><em>07 81 71 44 94<\/em><\/h4>\n<h4><em>\u00a0<\/em><\/h4>","protected":false},"excerpt":{"rendered":"<p>Permanence TOUS les vendredis de 14h \u00e0 18h, y compris durant les vacances scolaires et les \u00ab\u00a0ponts\u00a0\u00bbsauf exceptions annonc\u00e9es dans \u00ab\u00a0derni\u00e8res minutes\u00a0\u00bb Acc\u00e8s libre. Pas de prise de rendez-vous car il est impossible de pr\u00e9voir la dur\u00e9e d\u2019une intervention. \u00a0Pour conna\u00eetre l&rsquo;affluence r\u00e9elle, vous pouvez nous t\u00e9l\u00e9phoner pendant les permanences&#8230; mais ne t\u00e9l\u00e9phonez pas pour [&hellip;]<\/p>\n","protected":false},"author":2,"featured_media":0,"parent":0,"menu_order":0,"comment_status":"closed","ping_status":"closed","template":"","meta":{"footnotes":""},"class_list":["post-336","page","type-page","status-publish","hentry"],"blocksy_meta":[],"_links":{"self":[{"href":"https:\/\/www.repaircafesaint-egreve.fr\/index.php?rest_route=\/wp\/v2\/pages\/336","targetHints":{"allow":["GET"]}}],"collection":[{"href":"https:\/\/www.repaircafesaint-egreve.fr\/index.php?rest_route=\/wp\/v2\/pages"}],"about":[{"href":"https:\/\/www.repaircafesaint-egreve.fr\/index.php?rest_route=\/wp\/v2\/types\/page"}],"author":[{"embeddable":true,"href":"https:\/\/www.repaircafesaint-egreve.fr\/index.php?rest_route=\/wp\/v2\/users\/2"}],"replies":[{"embeddable":true,"href":"https:\/\/www.repaircafesaint-egreve.fr\/index.php?rest_route=%2Fwp%2Fv2%2Fcomments&post=336"}],"version-history":[{"count":39,"href":"https:\/\/www.repaircafesaint-egreve.fr\/index.php?rest_route=\/wp\/v2\/pages\/336\/revisions"}],"predecessor-version":[{"id":2167,"href":"https:\/\/www.repaircafesaint-egreve.fr\/index.php?rest_route=\/wp\/v2\/pages\/336\/revisions\/2167"}],"wp:attachment":[{"href":"https:\/\/www.repaircafesaint-egreve.fr\/index.php?rest_route=%2Fwp%2Fv2%2Fmedia&parent=336"}],"curies":[{"name":"wp","href":"https:\/\/api.w.org\/{rel}","templated":true}]}}