{"id":1782,"date":"2023-09-18T08:37:28","date_gmt":"2023-09-18T07:37:28","guid":{"rendered":"https:\/\/www.repaircafesaint-egreve.fr\/?page_id=1782"},"modified":"2024-10-26T06:21:00","modified_gmt":"2024-10-26T05:21:00","slug":"__trashed","status":"publish","type":"page","link":"https:\/\/www.repaircafesaint-egreve.fr\/?page_id=1782","title":{"rendered":"Ventilateur 3V h\u00e9lico\u00efdal"},"content":{"rendered":"\n<figure class=\"wp-block-image alignleft size-full\"><a href=\"https:\/\/www.repaircafesaint-egreve.fr\/wp-content\/uploads\/2023\/09\/Capture-du-2023-09-18-09-16-14.png\"><img loading=\"lazy\" decoding=\"async\" width=\"397\" height=\"589\" src=\"https:\/\/www.repaircafesaint-egreve.fr\/wp-content\/uploads\/2023\/09\/Capture-du-2023-09-18-09-16-14.png\" alt=\"\" class=\"wp-image-1781\" srcset=\"https:\/\/www.repaircafesaint-egreve.fr\/wp-content\/uploads\/2023\/09\/Capture-du-2023-09-18-09-16-14.png 397w, https:\/\/www.repaircafesaint-egreve.fr\/wp-content\/uploads\/2023\/09\/Capture-du-2023-09-18-09-16-14-202x300.png 202w\" sizes=\"auto, (max-width: 397px) 100vw, 397px\" \/><\/a><\/figure>\n\n\n\n<p>Hors soucis m\u00e9canique n\u00e9cessitant d\u00e9poussi\u00e9rage et lubrification des coussinets, la panne la plus fr\u00e9quente sur ces ventilateurs h\u00e9licoaux \u00e0 3 vitesses est l&rsquo;arr\u00eat complet.<br>Et g\u00e9n\u00e9ralement c&rsquo;est l&rsquo; enroulements principal qui est  d\u00e9fectueux (Il y a en fait 2 enroulements en opposition de position et de phase mis en s\u00e9rie) . En effet &lsquo;il est toujours en circuit quelque soit la vitesse et lorsqu&rsquo;il est seul (grande vitesse ) il subit le courant le plus \u00e9l\u00e9v\u00e9. Il faudrait une section de fil plus importante que pour les autres. Mais cela, c&rsquo;est pas industriel.<\/p>\n\n\n\n<p>La vitesse de rotation d&rsquo;un moteur asynchrone est d\u00e9termin\u00e9e par la fr\u00e9quence du courant (50 hz en europe) et le nombre de pair de p\u00f4les : 50\/2=25 t\/s au glissement pr\u00e8s.  On tourne autour de 2500 t\/mn. puis 12OO en blanc (Bc) et 750 en bleu (Bl). Les couleurs fils sont g\u00e9n\u00e9ralement bien respect\u00e9es. Si la liaison (N, th) et Rouge est coup\u00e9e -sauf connectique d\u00e9fectueuse &#8211; c&rsquo;est l&rsquo;enroulement qui est coup\u00e9. Il faudrait rembobin\u00e9 le moteur. Hors  budget ! le ventilo est HS.<\/p>\n\n\n\n<p>Le condensateur qui produit la fausse phase pourra \u00eatre incrimin\u00e9 si le moteur ronfle sans vouloir d\u00e9marrer  (Au watm\u00e8tre, il consomme pas loin du nominal mais ne bouge pas )<\/p>\n\n\n\n<figure class=\"wp-block-image size-full\"><a href=\"https:\/\/www.repaircafesaint-egreve.fr\/wp-content\/uploads\/2023\/09\/Capture-du-2023-09-18-09-13-42.png\"><img loading=\"lazy\" decoding=\"async\" width=\"642\" height=\"307\" src=\"https:\/\/www.repaircafesaint-egreve.fr\/wp-content\/uploads\/2023\/09\/Capture-du-2023-09-18-09-13-42.png\" alt=\"\" class=\"wp-image-1780\" srcset=\"https:\/\/www.repaircafesaint-egreve.fr\/wp-content\/uploads\/2023\/09\/Capture-du-2023-09-18-09-13-42.png 642w, https:\/\/www.repaircafesaint-egreve.fr\/wp-content\/uploads\/2023\/09\/Capture-du-2023-09-18-09-13-42-300x143.png 300w\" sizes=\"auto, (max-width: 642px) 100vw, 642px\" \/><\/a><\/figure>\n\n\n\n<p>Je n\u2019ai jamais essay\u00e9 mais si l\u2019on admet ce sch\u00e9ma lorsque l\u2019enroulemnt principal est coup\u00e9, on devrait pouvoir reli\u00e9 le fil rouge, d\u00e9connect\u00e9 du commutateur \u00e9videmment\u00a0!, \u00e0 la sortie du th de s\u00e9curit\u00e9 fil noir et fonctionner 2 vitesses sur blanc (full speed) et bleu (1\/2). <br>Le 25\/11 cela ne marche pas. Avec 1 enroulemnt la conso est 300W et de 150W avec 2 pour 60W nominal.Cela ne peut tenir en dur\u00e9e<\/p>\n\n\n\n<p><\/p>\n","protected":false},"excerpt":{"rendered":"<p>Hors soucis m\u00e9canique n\u00e9cessitant d\u00e9poussi\u00e9rage et lubrification des coussinets, la panne la plus fr\u00e9quente sur ces ventilateurs h\u00e9licoaux \u00e0 3 vitesses est l&rsquo;arr\u00eat complet.Et g\u00e9n\u00e9ralement c&rsquo;est l&rsquo; enroulements principal qui est d\u00e9fectueux (Il y a en fait 2 enroulements en opposition de position et de phase mis en s\u00e9rie) . En effet &lsquo;il est toujours [&hellip;]<\/p>\n","protected":false},"author":2,"featured_media":0,"parent":918,"menu_order":0,"comment_status":"closed","ping_status":"closed","template":"","meta":{"footnotes":""},"class_list":["post-1782","page","type-page","status-publish","hentry"],"blocksy_meta":[],"_links":{"self":[{"href":"https:\/\/www.repaircafesaint-egreve.fr\/index.php?rest_route=\/wp\/v2\/pages\/1782","targetHints":{"allow":["GET"]}}],"collection":[{"href":"https:\/\/www.repaircafesaint-egreve.fr\/index.php?rest_route=\/wp\/v2\/pages"}],"about":[{"href":"https:\/\/www.repaircafesaint-egreve.fr\/index.php?rest_route=\/wp\/v2\/types\/page"}],"author":[{"embeddable":true,"href":"https:\/\/www.repaircafesaint-egreve.fr\/index.php?rest_route=\/wp\/v2\/users\/2"}],"replies":[{"embeddable":true,"href":"https:\/\/www.repaircafesaint-egreve.fr\/index.php?rest_route=%2Fwp%2Fv2%2Fcomments&post=1782"}],"version-history":[{"count":7,"href":"https:\/\/www.repaircafesaint-egreve.fr\/index.php?rest_route=\/wp\/v2\/pages\/1782\/revisions"}],"predecessor-version":[{"id":2261,"href":"https:\/\/www.repaircafesaint-egreve.fr\/index.php?rest_route=\/wp\/v2\/pages\/1782\/revisions\/2261"}],"up":[{"embeddable":true,"href":"https:\/\/www.repaircafesaint-egreve.fr\/index.php?rest_route=\/wp\/v2\/pages\/918"}],"wp:attachment":[{"href":"https:\/\/www.repaircafesaint-egreve.fr\/index.php?rest_route=%2Fwp%2Fv2%2Fmedia&parent=1782"}],"curies":[{"name":"wp","href":"https:\/\/api.w.org\/{rel}","templated":true}]}}